digit of 657?
6
What is the hundreds digit of 4842?
8
What is the units digit of 549?
9
What is the thousands digit of 173662?
3
What is the ten thousands digit of 10493?
1
What is the thousands digit of 6069?
6
What is the thousands digit of 115666?
5
What is the hundreds digit of 598?
5
What is the units digit of 9605?
5
What is the tens digit of 3802?
0
What is the hundreds digit of 2957?
9
What is the tens digit of 40570?
7
What is the units digit of 4867?
7
What is the thousands digit of 4177?
4
What is the units digit of 1117?
7
What is the tens digit of 9678?
7
What is the tens digit of 51264?
6
What is the ten thousands digit of 100484?
0
What is the hundreds digit of 3118?
1
What is the hundreds digit of 13783?
7
What is the hundreds digit of 7405?
4
What is the hundreds digit of 25269?
2
What is the hundreds digit of 2280?
2
What is the hundreds digit of 4618?
6
What is the units digit of 1094?
4
What is the thousands digit of 7118?
7
What is the hundreds digit of 156?
1
What is the thousands digit of 39623?
9
What is the tens digit of 143445?
4
What is the thousands digit of 70631?
0
What is the units digit of 6592?
2
What is the hundreds digit of 187806?
8
What is the units digit of 2019?
9
What is the thousands digit of 88599?
8
What is the tens digit of 6958?
5
What is the thousands digit of 1732?
1
What is the units digit of 864?
4
What is the ten thousands digit of 15411?
1
What is the ten thousands digit of 35768?
3
What is the units digit of 989?
9
What is the units digit of 1270?
0
What is the hundreds digit of 373?
3
What is the thousands digit of 4246?
4
What is the units digit of 124?
4
What is the ten thousands digit of 54352?
5
What is the thousands digit of 1627?
1
What is the units digit of 1484?
4
What is the hundreds digit of 703?
7
What is the units digit of 21437?
7
What is the units digit of 1278?
8
What is the thousands digit of 7173?
7
What is the tens digit of 45993?
9
What is the thousands digit of 1753?
1
What is the units digit of 6196?
6
What is the thousands digit of 1038?
1
What is the ten thousands digit of 45973?
4
What is the units digit of 6006?
6
What is the tens digit of 9365?
6
What is the tens digit of 4698?
9
What is the tens digit of 12017?
1
What is the hundreds digit of 1308?
3
What is the thousands digit of 15496?
5
What is the hundreds digit of 9627?
6
What is the tens digit of 3128?
2
What is the thousands digit of 2601?
2
What is the tens digit of 146837?
3
What is the thousands digit of 13691?
3
What is the units digit of 849?
9
What is the units digit of 734?
4
What is the hundreds digit of 5263?
2
What is the hundreds digit of 136?
1
What is the units digit of 8499?
9
What is the tens digit of 53254?
5
What is the thousands digit of 12198?
2
What is the hundreds digit of 1756?
7
What is the thousands digit of 29904?
9
What is the thousands digit of 1346?
1
What is the thousands digit of 9928?
9
What is the hundreds digit of 181?
1
What is the units digit of 3239?
9
What is the units digit of 589?
9
What is the thousands digit of 43152?
3
What is the units digit of 717?
7
What is the thousands digit of 7364?
7
What is the hundreds digit of 2630?
6
What is the hundreds digit of 947?
9
What is the ten thousands digit of 42278?
4
What is the ten thousands digit of 14659?
1
What is the ten thousands digit of 39431?
3
What is the tens digit of 71219?
1
What is the tens digit of 590?
9
What is the thousands digit of 16892?
6
What is the units digit of 1503?
3
What is the hundreds digit of 107005?
0
What is the units digit of 929?
9
What is the units digit of 26531?
1
What is the hundreds digit of 14613?
6
What is the thousands digit of 2116?
2
What is the thousands digit of 31965?
1
What is the ten thousands digit of 45113?
4
What is the hundreds digit of 2759?
7
What is the units digit of 7316?
6
What is the thousands digit of 5296?
5
What is the hundreds digit of 26289?
2
What is the units digit of 136193?
3
What is the thousands digit of 2062?
2
What is the thousands digit of 3355?
3
What is the hundreds digit of 4954?
9
What is the thousands digit of 17562?
7
What is the tens digit of 5084?
8
What is the tens digit of 45937?
3
What is the units digit of 11587?
7
What is the thousands digit of 1790?
1
What is the thousands digit of 22692?
2
What is the tens digit of 15156?
5
What is the tens digit of 38571?
7
What is the hundreds digit of 116545?
5
What is the units digit of 1019?
9
What is the hundreds digit of 213?
2
What is the thousands digit of 47407?
7
What is the units digit of 694?
4
What is the thousands digit of 1601?
1
What is the ten thousands digit of 47770?
4
What is the hundreds digit of 113428?
4
What is the tens digit of 3295?
9
What is the thousands digit of 115993?
5
What is the hundreds digit of 4521?
5
What is the tens digit of 4821?
2
What is the tens digit of 54345?
4
What is the units digit of 905?
5
What is the tens digit of 325?
2
What is the hundreds digit of 7579?
5
What is the thousands digit of 112157?
2
What is the units digit of 9499?
9
What is the hundreds digit of 18161?
1
What is the hundreds digit of 4860?
8
What is the tens digit of 624?
2
What is the units digit of 1572?
2
What is the thousands digit of 8018?
8
What is the thousands digit of 13560?
3
What is the tens digit of 1493?
9
What is the units digit of 1564?
4
What is the hundreds digit of 837?
8
What is the tens digit of 37721?
2
What is the units digit of 10959?
9
What is the thousands digit of 8955?
8
What is the thousands digit of 1576?
1
What is the hundreds digit of 20934?
9
What is the tens digit of 706?
0
What is the tens digit of 2066?
6
What is the units digit of 588?
8
What is the hundreds digit of 4510?
5
What is the hundreds digit of 65342?
3
What is the tens digit of 1821?
2
What is the tens digit of 952?
5
What is the tens digit of 5799?
9
What is the tens digit of 5244?
4
What is the tens digit of 7572?
7
What is the units digit of 6806?
6
What is the hundreds digit of 1503?
5
What is the tens digit of 1951?
5
What is the thousands digit of 3263?
3
What is the hundreds digit of 1382?
3
What is the hundreds digit of 16188?
1
What is the thousands digit of 19345?
9
What is the hundreds digit of 267?
2
What is the tens digit of 990?
9
What is the units digit of 6631?
1
What is the thousands digit of 41035?
1
What is the thousands digit of 140425?
0
What is the tens digit of 146?
4
What is the thousands digit of 3564?
3
What is the tens digit of 4490?
9
What is the units digit of 1482?
2
What is the units digit of 17143?
3
What is the ten thousands digit of 62704?
6
What is the tens digit of 3780?
8
What is the ten thousands digit of 30041?
3
What is the units digit of 5154?
4
What is the hundreds digit of 4478?
4
What is the hundreds digit of 6229?
2
What is the ten thousands digit of 24794?
2
What is the tens digit of 4302?
0
What is the units digit of 30061?
1
What is the tens digit of 3147?
4
What is the units digit of 602?
2
What is the units digit of 23969?
9
What is the hundreds digit of 5776?
7
What is the hundreds digit of 2058?
0
What is the tens digit of 333?
3
What is the hundreds digit of 455?
4
What is the units digit of 21250?
0
What is the tens digit of 3016?
1
What is the thousands digit of 30990?
0
What is the thousands digit of 2894?
2
What is the thousands digit of 49893?
9
What is the units digit of 117318?
8
What is the thousands digit of 3040?
3
What is the ten thousands digit of 39383?
3
What is the hundreds digit of 4818?
8
What is the units digit of 52216?
6
What is the units digit of 1661?
1
What is the hundreds digit of 339?
3
What is the thousands digit of 13670?
3
What is the tens digit of 574?
7
What is the thousands digit of 9956?
9
What is the units digit of 1944?
4
What is the units digit of 23694?
4
What is the units digit of 44872?
2
What is the thousands digit of 17088?
7
What is the tens digit of 19042?
4
What is the thousands digit of 4757?
4
What is the tens digit of 9648?
4
What is the hundreds digit of 106?
1
What is the tens digit of 858?
5
What is the units digit of 6235?
5
What is the tens digit of 6485?
8
What is the thousands digit of 3458?
3
What is the thousands digit of 34840?
4
What is the units digit of 1018?
8
What is the hun